{"id":71,"date":"2023-01-06T13:33:10","date_gmt":"2023-01-06T11:33:10","guid":{"rendered":"http:\/\/gironville-sur-essonne.local\/?page_id=71"},"modified":"2024-01-28T17:57:16","modified_gmt":"2024-01-28T15:57:16","slug":"agenda","status":"publish","type":"page","link":"https:\/\/gironville-sur-essonne.fr\/agenda\/","title":{"rendered":"Agenda"},"content":{"rendered":"\n<p>D\u00e9couvrez les prochains \u00e9v\u00e8nements de votre village ! <\/p>\n","protected":false},"excerpt":{"rendered":"<p>D\u00e9couvrez les prochains \u00e9v\u00e8nements de votre village !<\/p>\n","protected":false},"author":1,"featured_media":0,"parent":0,"menu_order":0,"comment_status":"closed","ping_status":"closed","template":"","meta":{"footnotes":""},"class_list":["post-71","page","type-page","status-publish","hentry"],"acf":[],"yoast_head":"<!-- This site is optimized with the Yoast SEO plugin v21.8.1 - https:\/\/yoast.com\/wordpress\/plugins\/seo\/ -->\n<title>Agenda - gironville-sur-essonne<\/title>\n<meta name=\"robots\" content=\"index, follow, max-snippet:-1, max-image-preview:large, max-video-preview:-1\" \/>\n<link rel=\"canonical\" href=\"https:\/\/gironville-sur-essonne.fr\/agenda\/\" \/>\n<meta property=\"og:locale\" content=\"fr_FR\" \/>\n<meta property=\"og:type\" content=\"article\" \/>\n<meta property=\"og:title\" content=\"Agenda - gironville-sur-essonne\" \/>\n<meta property=\"og:description\" content=\"D\u00e9couvrez les prochains \u00e9v\u00e8nements de votre village !\" \/>\n<meta property=\"og:url\" content=\"https:\/\/gironville-sur-essonne.fr\/agenda\/\" \/>\n<meta property=\"og:site_name\" content=\"gironville-sur-essonne\" \/>\n<meta property=\"article:modified_time\" content=\"2024-01-28T15:57:16+00:00\" \/>\n<meta name=\"twitter:card\" content=\"summary_large_image\" \/>\n<meta name=\"twitter:label1\" content=\"Dur\u00e9e de lecture estim\u00e9e\" \/>\n\t<meta name=\"twitter:data1\" content=\"1 minute\" \/>\n<script type=\"application\/ld+json\" class=\"yoast-schema-graph\">{\"@context\":\"https:\/\/schema.org\",\"@graph\":[{\"@type\":\"WebPage\",\"@id\":\"https:\/\/gironville-sur-essonne.fr\/agenda\/\",\"url\":\"https:\/\/gironville-sur-essonne.fr\/agenda\/\",\"name\":\"Agenda - gironville-sur-essonne\",\"isPartOf\":{\"@id\":\"https:\/\/api.gironville-sur-essonne.fr\/#website\"},\"datePublished\":\"2023-01-06T11:33:10+00:00\",\"dateModified\":\"2024-01-28T15:57:16+00:00\",\"breadcrumb\":{\"@id\":\"https:\/\/gironville-sur-essonne.fr\/agenda\/#breadcrumb\"},\"inLanguage\":\"fr-FR\",\"potentialAction\":[{\"@type\":\"ReadAction\",\"target\":[\"https:\/\/gironville-sur-essonne.fr\/agenda\/\"]}]},{\"@type\":\"BreadcrumbList\",\"@id\":\"https:\/\/gironville-sur-essonne.fr\/agenda\/#breadcrumb\",\"itemListElement\":[{\"@type\":\"ListItem\",\"position\":1,\"name\":\"Accueil\",\"item\":\"https:\/\/gironville-sur-essonne.fr\/\"},{\"@type\":\"ListItem\",\"position\":2,\"name\":\"Agenda\"}]},{\"@type\":\"WebSite\",\"@id\":\"https:\/\/api.gironville-sur-essonne.fr\/#website\",\"url\":\"https:\/\/api.gironville-sur-essonne.fr\/\",\"name\":\"gironville-sur-essonne\",\"description\":\"Gironville-sur-essonne, votre village\",\"potentialAction\":[{\"@type\":\"SearchAction\",\"target\":{\"@type\":\"EntryPoint\",\"urlTemplate\":\"https:\/\/api.gironville-sur-essonne.fr\/?s={search_term_string}\"},\"query-input\":\"required name=search_term_string\"}],\"inLanguage\":\"fr-FR\"}]}<\/script>\n<!-- \/ Yoast SEO plugin. -->","yoast_head_json":{"title":"Agenda - gironville-sur-essonne","robots":{"index":"index","follow":"follow","max-snippet":"max-snippet:-1","max-image-preview":"max-image-preview:large","max-video-preview":"max-video-preview:-1"},"canonical":"https:\/\/gironville-sur-essonne.fr\/agenda\/","og_locale":"fr_FR","og_type":"article","og_title":"Agenda - gironville-sur-essonne","og_description":"D\u00e9couvrez les prochains \u00e9v\u00e8nements de votre village !","og_url":"https:\/\/gironville-sur-essonne.fr\/agenda\/","og_site_name":"gironville-sur-essonne","article_modified_time":"2024-01-28T15:57:16+00:00","twitter_card":"summary_large_image","twitter_misc":{"Dur\u00e9e de lecture estim\u00e9e":"1 minute"},"schema":{"@context":"https:\/\/schema.org","@graph":[{"@type":"WebPage","@id":"https:\/\/gironville-sur-essonne.fr\/agenda\/","url":"https:\/\/gironville-sur-essonne.fr\/agenda\/","name":"Agenda - gironville-sur-essonne","isPartOf":{"@id":"https:\/\/api.gironville-sur-essonne.fr\/#website"},"datePublished":"2023-01-06T11:33:10+00:00","dateModified":"2024-01-28T15:57:16+00:00","breadcrumb":{"@id":"https:\/\/gironville-sur-essonne.fr\/agenda\/#breadcrumb"},"inLanguage":"fr-FR","potentialAction":[{"@type":"ReadAction","target":["https:\/\/gironville-sur-essonne.fr\/agenda\/"]}]},{"@type":"BreadcrumbList","@id":"https:\/\/gironville-sur-essonne.fr\/agenda\/#breadcrumb","itemListElement":[{"@type":"ListItem","position":1,"name":"Accueil","item":"https:\/\/gironville-sur-essonne.fr\/"},{"@type":"ListItem","position":2,"name":"Agenda"}]},{"@type":"WebSite","@id":"https:\/\/api.gironville-sur-essonne.fr\/#website","url":"https:\/\/api.gironville-sur-essonne.fr\/","name":"gironville-sur-essonne","description":"Gironville-sur-essonne, votre village","potentialAction":[{"@type":"SearchAction","target":{"@type":"EntryPoint","urlTemplate":"https:\/\/api.gironville-sur-essonne.fr\/?s={search_term_string}"},"query-input":"required name=search_term_string"}],"inLanguage":"fr-FR"}]}},"_links":{"self":[{"href":"https:\/\/api.gironville-sur-essonne.fr\/index.php\/wp-json\/wp\/v2\/pages\/71","targetHints":{"allow":["GET"]}}],"collection":[{"href":"https:\/\/api.gironville-sur-essonne.fr\/index.php\/wp-json\/wp\/v2\/pages"}],"about":[{"href":"https:\/\/api.gironville-sur-essonne.fr\/index.php\/wp-json\/wp\/v2\/types\/page"}],"author":[{"embeddable":true,"href":"https:\/\/api.gironville-sur-essonne.fr\/index.php\/wp-json\/wp\/v2\/users\/1"}],"replies":[{"embeddable":true,"href":"https:\/\/api.gironville-sur-essonne.fr\/index.php\/wp-json\/wp\/v2\/comments?post=71"}],"version-history":[{"count":2,"href":"https:\/\/api.gironville-sur-essonne.fr\/index.php\/wp-json\/wp\/v2\/pages\/71\/revisions"}],"predecessor-version":[{"id":800,"href":"https:\/\/api.gironville-sur-essonne.fr\/index.php\/wp-json\/wp\/v2\/pages\/71\/revisions\/800"}],"wp:attachment":[{"href":"https:\/\/api.gironville-sur-essonne.fr\/index.php\/wp-json\/wp\/v2\/media?parent=71"}],"curies":[{"name":"wp","href":"https:\/\/api.w.org\/{rel}","templated":true}]}}